(base 9) in base 5?
-2
What is 2 (base 10) in base 15?
2
What is 1 (base 16) in base 6?
1
Convert -11 (base 8) to base 7.
-12
What is -4 (base 9) in base 15?
-4
Convert 3 (base 7) to base 5.
3
Convert -3 (base 10) to base 13.
-3
What is 122 (base 13) in base 8?
305
-1 (base 12) to base 10
-1
Convert 232 (base 7) to base 3.
11111
Convert 7a (base 14) to base 4.
1230
What is 116 (base 8) in base 14?
58
-101 (base 2) to base 11
-5
Convert 100011000 (base 2) to base 10.
280
40 (base 6) to base 16
18
-8 (base 16) to base 2
-1000
2 (base 13) to base 12
2
Convert -10 (base 16) to base 13.
-13
-183 (base 9) to base 5
-1111
What is 37 (base 11) in base 2?
101000
-11 (base 3) to base 4
-10
What is -2 (base 14) in base 3?
-2
Convert 7 (base 12) to base 13.
7
Convert -70 (base 16) to base 5.
-422
-5 (base 16) to base 7
-5
What is 6 (base 12) in base 4?
12
-1 (base 2) to base 16
-1
-2 (base 10) to base 5
-2
What is -54 (base 13) in base 8?
-105
Convert 210 (base 6) to base 12.
66
-14 (base 14) to base 13
-15
What is -272 (base 8) in base 6?
-510
30 (base 7) to base 16
15
What is 0 (base 14) in base 16?
0
What is -15 (base 6) in base 10?
-11
What is -110 (base 3) in base 12?
-10
Convert 57 (base 12) to base 7.
124
Convert 127 (base 8) to base 13.
69
What is 144 (base 8) in base 6?
244
What is 20 (base 5) in base 13?
a
What is 200 (base 13) in base 7?
662
Convert -333 (base 5) to base 16.
-5d
Convert -5 (base 11) to base 4.
-11
What is 27 (base 13) in base 11?
30
Convert 61 (base 9) to base 12.
47
Convert 22 (base 5) to base 9.
13
What is -4 (base 16) in base 3?
-11
Convert -3 (base 12) to base 14.
-3
What is 5 (base 15) in base 2?
101
29 (base 13) to base 16
23
What is e3 (base 15) in base 10?
213
What is 1 (base 16) in base 5?
1
-4 (base 6) to base 11
-4
Convert 2 (base 16) to base 11.
2
What is -101001 (base 2) in base 5?
-131
What is -33 (base 13) in base 2?
-101010
Convert -4b (base 12) to base 5.
-214
What is 30 (base 6) in base 8?
22
Convert -6 (base 14) to base 13.
-6
-2 (base 15) to base 3
-2
-fb (base 16) to base 12
-18b
18 (base 9) to base 7
23
-3 (base 6) to base 9
-3
6 (base 11) to base 6
10
Convert -4 (base 15) to base 7.
-4
Convert -1 (base 11) to base 4.
-1
Convert 1312 (base 4) to base 8.
166
What is -4 (base 15) in base 7?
-4
Convert 10 (base 7) to base 16.
7
Convert -1 (base 14) to base 4.
-1
20 (base 3) to base 13
6
0 (base 8) to base 14
0
What is -16 (base 11) in base 12?
-15
What is 4 (base 5) in base 14?
4
-3 (base 15) to base 3
-10
What is 18 (base 16) in base 15?
19
-13 (base 6) to base 7
-12
What is 1 (base 6) in base 14?
1
Convert 11 (base 8) to base 14.
9
What is -2 (base 7) in base 15?
-2
Convert 3 (base 8) to base 6.
3
Convert -1 (base 14) to base 16.
-1
What is b1 (base 15) in base 4?
2212
Convert 1 (base 2) to base 12.
1
1 (base 10) to base 7
1
What is -14 (base 15) in base 7?
-25
What is 3 (base 15) in base 11?
3
4 (base 5) to base 11
4
What is 1000 (base 5) in base 2?
1111101
What is 1 (base 9) in base 2?
1
What is 8a (base 12) in base 7?
211
-10110000 (base 2) to base 15
-bb
-3 (base 15) to base 5
-3
Convert -15 (base 7) to base 10.
-12
Convert -100101 (base 2) to base 5.
-122
What is 52 (base 6) in base 10?
32
What is -1 (base 15) in base 10?
-1
What is -22 (base 4) in base 9?
-11
What is 21 (base 13) in base 5?
102
What is 163 (base 10) in base 13?
c7
0 (base 9) to base 4
0
What is 13 (base 6) in base 12?
9
What is -43 (base 11) in base 9?
-52
What is -122 (base 4) in base 16?
-1a
What is 16 (base 13) in base 15?
14
What is 10 (base 16) in base 2?
10000
What is 40 (base 5) in base 3?
202
Convert -2 (base 15) to base 12.
-2
Convert 3 (base 9) to base 10.
3
Convert -6 (base 15) to base 14.
-6
Convert -102 (base 6) to base 8.
-46
What is -29 (base 15) in base 4?
-213
Convert -147 (base 8) to base 13.
-7c
-41 (base 15) to base 7
-115
3 (base 4) to base 12
3
4 (base 8) to base 4
10
Convert 253 (base 10) to base 5.
2003
Convert 32 (base 14) to base 5.
134
What is 10 (base 3) in base 12?
3
-3 (base 13) to base 10
-3
What is 33 (base 5) in base 8?
22
0 (base 16) to base 15
0
What is -4 (base 16) in base 3?
-11
-1e (base 15) to base 16
-1d
-6 (base 13) to base 4
-12
What is 431 (base 5) in base 7?
224
What is 49 (base 13) in base 6?
141
What is -28 (base 9) in base 3?
-222
-3 (base 10) to base 15
-3
Convert -35 (base 6) to base 15.
-18
544 (base 6) to base 15
dd
Convert 0 (base 16) to base 5.
0
What is 24 (base 8) in base 11?
19
-6b (base 15) to base 7
-203
Convert -4 (base 15) to base 8.
-4
What is -46 (base 7) in base 14?
-26
Convert -2 (base 3) to base 9.
-2
Convert -1110000 (base 2) to base 5.
-422
15 (base 9) to base 5
24
116 (base 10) to base 5
431
Convert 3d (base 14) to base 16.
37
What is -7 (base 11) in base 15?
-7
What is -a (base 14) in base 7?
-13
Convert 9 (base 12) to base 6.
13
What is 1a5 (base 12) in base 2?
100001101
10 (base 11) to base 8
13
What is 121 (base 7) in base 9?
71
2 (base 4) to base 3
2
11 (base 2) to base 10
3
2202 (base 4) to base 6
430
What is -9a (base 16) in base 15?
-a4
Convert 210 (base 4) to base 16.
24
3 (base 8) to base 4
3
What is -6 (base 10) in base 6?
-10
What is -3 (base 15) in base 12?
-3
-1d (base 16) to base 4
-131
Convert -69 (base 13) to base 12.
-73
-14 (base 12) to base 11
-15
What is -1 (base 9) in base 15?
-1
What is -14 (base 6) in base 13?
-a
Convert 1b (base 12) to base 8.
27
What is -144 (base 12) in base 9?
-237
What is 122 (base 5) in base 10?
37
6 (base 8) to base 11
6
What is -112 (base 4) in base 12?
-1a
Convert -15 (base 6) to base 9.
-12
What is 100 (base 2) in base 13?
4
What is 301 (base 10) in base 5?
2201
5 (base 16) to base 13
5
10 (base 7) to base 2
111
What is 2 (base 4) in base 11?
2
Convert 114 (base 5) to base 3.
1021
What is -42 (base 10) in base 7?
-60
-a (base 12) to base 16
-a
What is 2c (base 13) in base 8?
46
-11 (base 6) to base 12
-7
Convert -4 (base 15) to base 11.
-4
What is 21 (base 14) in base 7?
41
-10 (base 11) to base 9
-12
-4e (base 15) to base 7
-134
52 (base 13) to base 8
103
What is 1 (base 12) in base 10?
1
Convert 21022 (base 3) to base 7.
401
What is -12 (base 11) in base 7?
-16
242 (base 9) to base 7
404
-3 (base 6) to base 12
-3
-1 (base 16) to base 3
-1
What is -2 (base 3) in base 13?
-2
Convert 5 (base 16) to base 10.
5
Convert -22 (base 8) to base 5.
-33
What is 31 (base 11) in base 12?
2a
-2 (base 16) to base 5
-2
-61 (base 10) to base 5
-221
What is 3232 (base 4) in base 10?
238
Convert 4 (base 10) to base 8.
4
1 (base 14) to base 16
1
-1 (base 16) to base 2
-1
-29 (base 11) to base 13
-25
-4 (base 8) to base 11
-4
Convert 1 (base 2) to base 9.
1
-2 (base 3) to base 9
-2
Convert 6 (base 16) to base 12.
6
Convert 24 (base 9) to base 14.
18
Convert 3 (base 4) to base 8.
3
What is 40 (base 14) in base 5?
211
What is 4 (base 16) in base 12?
4
6 (base 15) to base 6
10
What is 52 (base 6) in base 15?
22
What is -33 (base 5) in base 6?
-30
Convert -10 (base 8) to base 7.
-11
35 (base 11) to base 14
2a
-10002 (base 3) to base 2
-1010011
What is 54 (base 15) in base 7?
142
Convert -3 (base 14) to base 6.
-3
Convert -20 (base 3) to base 15.
-6
8 (base 10) to base 8
10
Convert 52 (base 13) to base 11.
61
200 (base 7) to base 10
98
What is 3 (base 4) in base 6?
3
What is 53 (base 6) in base 3?
1020
Convert 8 (base 14) to base 6.
12
What is -50 (base 8) in base 6?
-104
Convert 30 (base 9) to base 16.
1b
2 (base 16) to base 7
2
-10 (base 12) to base 16
-c
13 (base 13) to base 6
24
-3 (base 12) to base 5
-3
Convert -10 (base 8) to base 12.
-8
What is -11 (base 11) in base 14?
-c
1100 (base 2) to base 10
12
Convert 3 (base 7) to base 5.
3
Convert -3 (base 6) to base 7.
-3
25 (base 6) to base 11
16
Convert -29 (base 14) to base 8.
-45
80 (base 11) to base 14
64
-22 (base 5) to base 16
-c
Convert 2221 (base 3) to base 13.
61
Convert 53 (base 10) to base 3.
1222
What is 9 (base 15) in base 16?
9
What is -10110010 (base 2) in base 11?
-152
23 (base 8) to base 6
31
Convert -51 (base 7) to base 4.
-210
Convert 3d (base 14) to base 6.
131
-1 (base 15) to base 11
-1
223 (base 4) to base 13
34
What is -425 (base 6) in base 9?
-188
What is -3 (base 10) in base 7?
-3
Convert 33 (base 15) to base 9.
53
Convert -4 (base 5) to base 7.
-4
2 (base 13) t